 -3*y + 7. What is q(-6)?
25
Let z(k) = -3*k + 13. Give z(0).
13
Let o(j) = 7*j**2 + 26*j + 2. What is o(-3)?
-13
Let t(r) = 14*r + 24. Calculate t(-7).
-74
Let f(c) = c**2 - 14*c + 15. Calculate f(21).
162
Let h(d) = -3*d + 2. Determine h(2).
-4
Let v(z) = z**3 + 7*z**2 - 12*z + 17. What is v(-9)?
-37
Let c(z) = 2*z**2 + 8*z - 71. Determine c(-8).
-7
Let a(i) = -7*i. Give a(6).
-42
Let r(l) = -l**3 - 7*l**2 - 6*l - 5. Determine r(-6).
-5
Let f(x) = -10*x + 70. What is f(6)?
10
Let a(t) = -4*t - 2. Give a(3).
-14
Let z(j) = 25*j - 36. Give z(-5).
-161
Let f(m) = -24*m + 146. Give f(7).
-22
Let a(i) = -6*i + 69. What is a(13)?
-9
Let b(q) = -q**3 - 3*q**2 + 5*q - 4. Calculate b(3).
-43
Let p(c) = c**2 - 5*c - 51. Calculate p(-5).
-1
Let m(r) = -r**3 - 19*r**2 - 20*r - 26. Calculate m(-18).
10
Let v(s) = -s**3 - 2*s**2 - s. Determine v(-3).
12
Let f(k) = -k**2 - 8*k + 12. What is f(-9)?
3
Let l(r) = -r**3 + 2*r**2 + 3*r + 2. Calculate l(-2).
12
Let g(d) = -11*d - 16. Calculate g(0).
-16
Let b(j) = j**2 - 2*j + 2. Calculate b(3).
5
Let r(q) = -8*q + 1. Calculate r(-4).
33
Let c(i) = -i**2 + 33*i - 193. Give c(23).
37
Let b(v) = 2*v**3 + 2*v**2 + 12*v + 10. Calculate b(-3).
-62
Let v(z) = 12*z**3 - 3*z**2 + 4*z - 1. Calculate v(2).
91
Let t(i) = -i**3 - 2*i**2 + 8*i + 3. Determine t(-4).
3
Let u(w) = w - 1. Determine u(-5).
-6
Let d(s) = -3*s**2 + s + 1. Calculate d(-3).
-29
Let w(f) = f**3 + 18*f**2 + 15*f + 10. Calculate w(-17).
44
Let a(m) = -m**3 - 5*m**2 + 3*m - 6. Calculate a(-6).
12
Let a(u) = u**3 - 14*u**2 + 10*u - 17. Calculate a(13).
-56
Let f(a) = -a + 62. What is f(15)?
47
Let i(d) = d**3 + 3*d**2 - 5*d - 4. Give i(-4).
0
Let i(h) = 12*h + 38. What is i(-4)?
-10
Let o(g) = 2*g**2 - 30*g + 2. Calculate o(0).
2
Let w(r) = 2*r + 104. What is w(10)?
124
Let o(w) = 2*w**2 - 2*w - 9. Calculate o(-4).
31
Let t(p) = p**3 - 3*p**2 + 4*p - 3. Calculate t(2).
1
Let z(m) = -3*m**2 - 9*m + 5. What is z(3)?
-49
Let y(v) = v**3 + 6*v**2 + 6*v + 3. Give y(-5).
-2
Let v(r) = -106*r - 733. Determine v(-7).
9
Let s(w) = w**2 - 12*w + 4. What is s(12)?
4
Let l(k) = -k**2 - k + 46. Give l(6).
4
Let c(z) = 66*z**2 + z. Calculate c(-1).
65
Let a(h) = 27*h - 32. Give a(5).
103
Let m(q) = q**2 + 11*q - 44. Give m(-14).
-2
Let k(l) = -l**3 + 14*l**2 - 13*l + 2. Calculate k(13).
2
Let o(m) = m. What is o(-6)?
-6
Let h(s) = s**3 + 47*s**2 + 44*s - 95. Calculate h(-46).
-3
Let f(k) = -k**3 - 4*k**2 + 8*k + 6. Give f(-6).
30
Let u(h) = 17*h - 30. Give u(2).
4
Let s(i) = i - 23. Calculate s(0).
-23
Let g(f) = 14*f + 11. Give g(-1).
-3
Let h(w) = w**2 - 2*w - 71. Give h(-8).
9
Let b(s) = -s**2 - 5*s - 2. Determine b(2).
-16
Let a(o) = o**3 + 8*o**2 + o + 6. What is a(-8)?
-2
Let u(p) = p**3 + 7*p**2 - 11*p - 25. What is u(-8)?
-1
Let a(o) = -o**3 - 3*o**2 + 12*o + 7. Give a(-3).
-29
Let w(q) = 3*q + 72. Calculate w(5).
87
Let k(c) = c. Give k(8).
8
Let s(w) = 3*w**2 + 36*w - 27. What is s(-13)?
12
Let r(u) = -u**2 + 7*u + 3. Determine r(7).
3
Let l(g) = 5*g**3 - g**2 - g - 1. Determine l(-1).
-6
Let u(a) = -2*a**2 + 13*a - 2. Give u(11).
-101
Let j(m) = m**2 + 17*m + 12. Calculate j(-16).
-4
Let b(o) = -o + 8. Determine b(4).
4
Let x(w) = -w**2 - 2*w + 155. Give x(11).
12
Let s(x) = x**2 + 2*x - 20. What is s(-5)?
-5
Let h(t) = -t + 16. Calculate h(13).
3
Let a(s) = s**3 - 3*s**2 + 7*s - 4. Determine a(4).
40
Let u(t) = -3*t**2 + 3*t + 5. What is u(-1)?
-1
Let o(j) = j**3 + 7*j**2 + 3*j - 7. Determine o(-5).
28
Let h(q) = -q + 14. What is h(16)?
-2
Let b(l) = l**3 + 9*l**2 + 9*l + 14. What is b(-4)?
58
Let x(d) = -3*d**2 - 9*d - 31. Give x(-8).
-151
Let j(q) = q**2 - 6*q - 1. Calculate j(4).
-9
Let k(q) = -q**2 + 6*q - 13. Calculate k(3).
-4
Let b(c) = -7*c - 45. Give b(-6).
-3
Let z(v) = -2*v + 13. Calculate z(-12).
37
Let j(c) = -2*c**2 - 13*c + 5. Calculate j(-6).
11
Let j(f) = -f**3 + 8*f**2 - 7*f. Calculate j(4).
36
Let i(j) = -j**3 + 12*j**2 + 15*j + 1. Determine i(13).
27
Let w(s) = -s**3 + 6*s**2 + 9*s - 9. What is w(7)?
5
Let a(j) = j**2 + 7*j - 38. What is a(-10)?
-8
Let d(n) = n**2 - 27*n + 102. What is d(22)?
-8
Let k(f) = 8*f**2 + 60*f - 4. Determine k(-7).
-32
Let z(i) = -3*i**2 + 19*i - 29. Determine z(5).
-9
Let n(r) = -2*r**2 + 3*r + 2. Give n(6).
-52
Let g(q) = 50*q + 1. What is g(1)?
51
Let o(c) = -c**3 - 5*c**2 - 7*c - 5. What is o(-4)?
7
Let s(p) = -p**2 - 8*p + 4. What is s(-12)?
-44
Let o(f) = -f**3 - 3*f**2 + 12*f + 4. Determine o(-5).
-6
Let x(r) = -r**2 - 17*r + 10. Give x(-17).
10
Let t(l) = -2*l - 13. Determine t(-4).
-5
Let h(q) = q**2 - 10*q + 3. What is h(8)?
-13
Let b(n) = -n**3 + 34*n**2 + 7*n - 237. Give b(34).
1
Let j(h) = 5*h + 9. What is j(4)?
29
Let p(m) = 3*m**3 - 13*m**2 + 8*m - 14. Calculate p(6).
214
Let n(a) = -2*a**2 - 36*a. What is n(-18)?
0
Let l(x) = x**3 - 20*x**2 - 20*x - 45. Calculate l(21).
-24
Let w(q) = 13*q**2 + 5*q - 19. Give w(2).
43
Let z(y) = y + 5. Give z(10).
15
Let w(o) = -o**3 - 2*o**2 + 5*o + 7. What is w(-2)?
-3
Let n(j) = -j**3 - 21*j**2 - 17*j + 34. What is n(-20)?
-26
Let f(c) = -c**2 + 11*c - 1. Calculate f(6).
29
Let a(h) = h**3 + 12*h**2 + 2*h + 11. What is a(-12)?
-13
Let r(s) = s**3 - 6*s**2 + 13*s - 28. Give r(6).
50
Let r(k) = -2*k + 32. Calculate r(5).
22
Let f(z) = -z**3 - z**2 + z - 8. What is f(0)?
-8
Let m(t) = -t**3 + 7*t**2 - 4*t + 13. Give m(6).
25
Let v(m) = -3*m - 10. Determine v(-3).
-1
Let t(v) = v - 39. Determine t(11).
-28
Let u(z) = 2*z**2 - z - 3. Determine u(-4).
33
Let l(x) = -4*x**2 - 25*x + 11. Give l(-7).
-10
Let l(q) = -q**3 + 7*q**2 - 3*q - 17. Determine l(3).
10
Let b(q) = 3*q**2 - 125*q + 58. Calculate b(41).
-24
Let t(u) = -3*u**3 + 25*u**2 - 54. Give t(8).
10
Let q(l) = 26*l + 210. What is q(-8)?
2
Let j(t) = -t**2 + 5*t. Determine j(5).
0
Let f(k) = -3*k**3 + 10*k**2 - 7*k + 2. What is f(3)?
-10
Let h(x) = -13*x - 2. What is h(-7)?
89
Let u(b) = -b**2 + 8*b - 18. What is u(3)?
-3
Let b(c) = -c - 8. What is b(-9)?
1
Let h(o) = -5*o + 27. What is h(5)?
2
Let x(d) = 4*d + 15. Calculate x(-13).
-37
Let q(s) = 17*s + 337. What is q(-20)?
-3
Let a(i) = 3*i - 42. Give a(12).
-6
Let z(k) = 4*k - 24. Give z(9).
12
Let z(c) = 3*c**3 - 2*c**2 - 8*c + 2. What is z(3)?
41
Let v(i) = -i**3 - 8*i**2 + 15*i + 13. Determine v(-9).
-41
Let x(w) = -w**3 + 13*w**2 - w - 132. Determine x(12).
0
Let f(t) = t**2 - 13*t - 118. What is f(-6)?
-4
Let n(v) = -2*v - 109. Determine n(16).
-141
Let j(p) = -p**3 - 10*p**2 - 9*p - 92. Determine j(-10).
-2
Let n(x) = 2*x + 39. Calculate n(-18).
3
Let r(z) = 2*z**2 + 27*z + 52. Give r(-2).
6
Let x(i) = i**2 - 17. Give x(-10).
83
Let i(t) = -t**2 + 15*t + 13. Calculate i(16).
-3
Let o(j) = -j**3 + 18*j**2 - 3*j + 54. What is o(18)?
0
Let k(h) = h**2 - 27*h + 175. Determine k(9).
13
Let g(l) = -l**2 - 9*l + 3. Determine g(-7).
17
Let i(c) = c - 5. Calculate i(1).
-4
Let z(s) = -s**2 - 15*s + 26. Give z(-17).
-8
Let n(j) = j**3 - 4*j**2 - 8*j + 10. What is n(5)?
-5
Let n(i) = -i**3 - 10*i**2 - 3*i - 5. Determine n(-10).
25
Let u(z) = z**3 + 4*z**2 + 3*z + 2. Calculate u(-3).
2
Let x(f) = 68*f - 398. Calculate x(6).
10
Let q(d) = 7*d - 12. Calculate q(6).
30
Let d(h) = h**3 + 28*h**2 + 25*h - 45. Determine d(-27).
9
Let f(u) = 2*u**2 + 8*u + 6. Determine f(-4).
6
Let p(l) = -l**2 + 4*l + 4. Determine p(4).
4
Let y(f) = f + 27. Give y(-21).
6
Let k(o) = o**3 + 39*o**2 - 41*o - 45. Determine k(-40).
-5
Let o(i) = 2*i**2 + 9*i - 14. What is o(-7)?
21
Let p(b) = 2*b**2 - 6. What is p(-4)?
26
Let v(x) = x**2 + 15*x + 5. Calculate v(-14).
-9
Let x(t) = t**3 + 6*t**2 - t + 3. Give x(-6).
9
Let i(d) = -d**3 + 4*d**2 + 8*d - 6. What is i(5)?
9
Let d(a) = 3*a**2 - 35*a + 16. Determine d(11).
-6
Let q(k) = -2*k - 8. What is q(-5)?
2
Let q(t) = -2*t**2 - t - 3. Calculate q(5).
-58
Let l(t) = -t**3 - 16*t**2 + 16*t - 6. Determine l(-17).
11
Let j(x) = 2*x**2 + 22*x + 48. What is j(-9)?
12
Let q(r) = r**3 + 8*r**2 + r + 89. Determine q(-9).
-1
Let f(t) = 78*t - 785. Determine f(10).
-5
Let a(d) = -19*d + 75. Calculate a(5).
-20
Let l(f) = -f**3 - 5*f**2 + 14*f - 4. Give l(-7).
-4
Let p(d) = -d**3 + 7*d**2 + 9*d + 7. Calculate p(8).
15
Let o(l) = -2*l**3 + 14*l**2 + 4. Calculate o(7).
4
Let t(k) = 2*k - 2. Give t(8).
14
Let k(s) = -27*s - 54. Calculate k(-2).
0
L